s divided by 34.
32
Let z(u) = u**3 + u - 35. Let a be z(0). Let d = -24 - a. Let k = -53 - -74. Calculate the remainder when k is divided by d.
10
Let z be (-2)/(28/6 + -4). Let x(c) = 28*c**2 + 3*c - 1. Calculate the remainder when x(2) is divided by 2/z + (-1012)/(-33).
27
Suppose g + 2 = 3. Let y be 7 + (-1)/(g/1). Suppose 0 = -3*a - y, 5*a + 0*a = 5*z - 70. What is the remainder when 33 is divided by z?
9
What is the remainder when 81 is divided by -8 + (6 - 3) - 100/(-2)?
36
Let d = 161 + -107. Suppose -d = -4*h - 14. What is the remainder when 49 is divided by h?
9
Calculate the remainder when (1224/14)/((-93)/(-868)) is divided by 63.
60
Suppose 16 - 4 = 3*g. Suppose -3*l + g*w = -51, -w = 3*l + w - 33. Calculate the remainder when 37 is divided by l.
11
Let q = -536 + 567. Let n = 116 - 24. Calculate the remainder when n is divided by q.
30
Let s = 105 - 71. Suppose -4*z + 5*z + 244 = 0. Let r = 412 + z. Calculate the remainder when r is divided by s.
32
Suppose -4*n + 318 = 2*u, -n - n + u + 165 = 0. Let q = -93 - -114. What is the remainder when n is divided by q?
18
Suppose 47*w - 2561 = -728. What is the remainder when w is divided by 20?
19
Let w(v) = -45*v + 176. What is the remainder when w(0) is divided by 37?
28
Let n(r) = 3*r**2 + 4*r**3 + r**2 - 5*r**3 + 2*r**2 + 5 - 3*r. What is the remainder when (3/(-2) - -1)*-118 is divided by n(5)?
14
Calculate the remainder when (27189/12)/9 - 5/(-4) is divided by 66.
55
Suppose 0 = 4*c - 89 - 7. Let v = -11 + 20. Calculate the remainder when c is divided by v.
6
Let v = -21 + 79. Let i = 79 - 49. What is the remainder when v is divided by i?
28
Suppose 1233 = 11*h + 452. Suppose -c = 5*z - 9, 2*c + z + 59 = 5*c. Calculate the remainder when h is divided by c.
14
Let u(w) = 28*w + 535. What is the remainder when 194 is divided by u(-16)?
20
Let g be (-7683)/(-24) - 4/32. What is the remainder when ((-12)/(-10))/(6/g) is divided by 22?
20
Let k(j) = 60*j + 14. Calculate the remainder when 367 is divided by k(1).
71
Suppose -98*t + 895 = -93*t. Calculate the remainder when t is divided by 23.
18
Suppose 1132 - 890 = 11*c. What is the remainder when 197 is divided by c?
21
Suppose 103*y - 174 = 74*y. Calculate the remainder when 100 is divided by y.
4
Let t = -2 + -30. Suppose -n - r = -4*n + 177, -59 = -n + 3*r. Let s = t + n. Calculate the remainder when 105 is divided by s.
24
Let a(z) be the second derivative of -z**5/20 - 3*z**4/4 - 17*z**3/6 - z**2 - 2*z. What is the remainder when a(-8) is divided by 6?
4
Let j(s) = s**3 + 31*s**2 - 33*s + 54. Calculate the remainder when j(-32) is divided by 22.
20
Let x(p) = -41*p**2 + 210*p + 8. What is the remainder when 112 is divided by x(5)?
13
Let v = -297 + 325. Calculate the remainder when 248 is divided by v.
24
Let s(o) = 4*o**2 - 6*o - 3. Suppose 5*z = -13 - 797. Let u = -139 - z. What is the remainder when s(5) is divided by u?
21
Let q be ((-21)/6)/(-7)*2/(-1). What is the remainder when q - -23 - (-1 + 3) is divided by 6?
2
Let s be (272/(-24))/(6/(-9)). Suppose -y + s = d, 2*y = -2*d + 4*d + 26. Calculate the remainder when 118 is divided by y.
13
Let f be 12/(-4) + 5 + 0/2. Suppose -7 - 13 = -f*x - 5*r, 3*r - 10 = -x. Calculate the remainder when 38 is divided by x.
8
Suppose -5*u + 4 = 9. Let v = 1 + u. What is the remainder when 80 is divided by 3/(v - 1/(-7))?
17
Suppose j = 2*l + 2*l + 48, 3*l = -5*j + 125. Suppose 0 = -7*z + 5*z + j. What is the remainder when 53 is divided by z?
11
Let g(z) = -z**3 - 12*z**2 + 16*z - 9. Let j be g(-13). Let s = j + 110. Calculate the remainder when s is divided by ((-63)/6)/((-2)/4).
20
Let j = 520 - 503. Calculate the remainder when 846 is divided by j.
13
Let b be 8*18 - (1 + (3 - 0)). Calculate the remainder when 101 is divided by (15/(-10))/((-6)/b).
31
Suppose -5*g + 72 = 17. Let c = -55 - -28. Calculate the remainder when (-18)/81 - 1/(c/1464) is divided by g.
10
Suppose 0 = 26*p - 17*p - 927. What is the remainder when p is divided by 53?
50
Suppose 3*p - 75 = -l, 2*l - 5*l - 61 = -2*p. Let o = -29 - -27. What is the remainder when o*((-404)/8)/1 is divided by p?
23
Let k(j) = 2*j**2 + 32*j + 123. What is the remainder when 289 is divided by k(-5)?
3
Let i = 43 - 22. Suppose 2*z + 12 = r, -5*r - 3*z = -0*r - i. Let x(k) = 2*k**3 - 3*k**2 - k - 2. What is the remainder when x(3) is divided by r?
4
Let f = 594 - 333. Suppose 205 = 5*n + 8*l - 3*l, 5*n - 214 = -2*l. What is the remainder when f is divided by n?
41
Let u = 195 - 152. What is the remainder when u is divided by 22?
21
Let c be -1 + 8/10 - (-692)/10. Suppose -13 = 4*a - c. Calculate the remainder when 27 is divided by a.
13
Let s(b) = 47*b - 104*b + 1 + 46*b - b**3 - 9*b**2. Let j(c) = 3*c - 2. What is the remainder when s(-8) is divided by j(5)?
12
Let w(q) = -q**3 - 6*q**2 + 8*q. Suppose 16 = 4*v, d + 3*v = v + 1. Let k be w(d). Let h(b) = b**2 + 7*b + 5. What is the remainder when 14 is divided by h(k)?
4
Let t = -355 + 441. What is the remainder when t is divided by 24?
14
Let t be (-7)/(-28) + (-143)/(-4). Suppose -4*x = -3*d - 149, d + t = -7*x + 8*x. Calculate the remainder when x is divided by 11.
8
Suppose -q + 11 = c - 4*c, -5*q + 5*c + 95 = 0. Let x(r) = r**3 - 2*r - 3. Let a be x(3). Let p = -12 + a. Calculate the remainder when q is divided by p.
5
Let r(t) = 4*t + 10. Calculate the remainder when r(7) is divided by ((-10)/4 - -1)/((-66)/440).
8
Let s(t) = -15*t - 96. Let p = -40 + 128. Calculate the remainder when p is divided by s(-8).
16
Let q(w) = -w**3 + 12*w**2 + 14*w + 6. Suppose -15*l = -19*l + 52. Calculate the remainder when q(l) is divided by 8.
3
Let k = -387 - -412. What is the remainder when 57 is divided by k?
7
Let q = -134 - -317. What is the remainder when q is divided by 23?
22
Suppose -3*c = -427 + 274. What is the remainder when 93 is divided by c?
42
Let o be 2 - (0 - (4 - 2)). Suppose -o*p = 4*g - 60, -3*g + 47 = 3*p - g. What is the remainder when p is divided by 5?
2
Let o(h) = -5*h - 7. Suppose 4*d + f - 278 = -f, 2*d - 5*f = 157. What is the remainder when d is divided by o(-3)?
7
Suppose 3*g - 12 - 21 = 0. Suppose 2*m + 4*y + 18 = -38, -2*m - y - 65 = 0. Let i = m - -65. What is the remainder when i is divided by g?
9
Let y(w) = -w**3 + 11*w**2 - 10*w + 6. Suppose -19 = -3*l + 29. Calculate the remainder when (2 + 0 + -1)*l is divided by y(10).
4
Suppose 0 = -5*p + 5*q + 85, 3*p - p = -2*q + 34. Let c = -126 - -207. Suppose p*v - 14*v - c = 0. What is the remainder when v is divided by 7?
6
Suppose 0 = -9*l - 1 + 280. Suppose c - 4*c + 174 = 0. Calculate the remainder when c is divided by l.
27
Suppose -266 = -3*z - 89. Suppose -d + 24 - 50 = 0. Let l(s) = -2*s**2 - 52*s + 30. Calculate the remainder when z is divided by l(d).
29
Let c be 14/(-21) + (-31)/3. Let r = 31 + c. Let w = 60 + -21. Calculate the remainder when w is divided by r.
19
Let o = -13 - -15. Suppose -5*n = -5*f, f = -0*f + o. Suppose n*s = 4*s - 54. Calculate the remainder when s is divided by 10.
7
Let n(f) = f**3 + 18*f**2 - 20*f + 45. Let b(v) be the first derivative of v**4/4 + 13*v - 1. Calculate the remainder when n(-19) is divided by b(0).
12
Let p = -449 + 457. Suppose -n - 108 = -5*a, 9*a - 4*a - 114 = 3*n. Calculate the remainder when a is divided by p.
5
Suppose -8*b + 1049 = 945. Let y(j) = 37*j - 2. Calculate the remainder when y(2) is divided by b.
7
Let h = 749 - 705. Calculate the remainder when 146 is divided by h.
14
Let d(w) = w**2 + 25*w - 11. Calculate the remainder when 213 is divided by d(-27).
41
Let a = 12 + 156. What is the remainder when a is divided by 22?
14
Let u(n) = -2*n - 1. Let o be u(3). Let z(x) = -27*x - 4. Let c be z(o). Suppose 0 = -q - 4*q + c. Calculate the remainder when q is divided by 10.
7
Suppose -11*h + 2*h = -342. Suppose u + 24 = h. What is the remainder when (-746)/(-14) - 4/14 is divided by u?
11
Let q = -274 - -279. Let l(m) = -m**2 + m + 3. Calculate the remainder when q is divided by l(0).
2
Let x = -10 - -15. Calculate the remainder when x/(69/33 - 2) is divided by 14.
13
Let b(s) = -45 + 19 - 26*s + 22. What is the remainder when b(-4) is divided by 17?
15
Suppose 27*v - 2*v - 400 = 0. What is the remainder when 125 is divided by v?
13
Suppose 13 = -0*i +